{"id":26,"date":"2024-03-19T02:05:36","date_gmt":"2024-03-19T01:05:36","guid":{"rendered":"https:\/\/agroextiende.com\/chile\/?page_id=26"},"modified":"2025-01-15T17:50:04","modified_gmt":"2025-01-15T16:50:04","slug":"sostenibilidad","status":"publish","type":"page","link":"https:\/\/agroextiende.com\/chile\/sostenibilidad\/","title":{"rendered":"Sostenibilidad"},"content":{"rendered":"\t<section class=\"section cabecera dark\" id=\"section_477720828\">\n\t\t<div class=\"bg section-bg fill bg-fill  \" >\n\n\t\t\t\n\t\t\t<div class=\"section-bg-overlay absolute fill\"><\/div>\n\t\t\t\n\n\t\t<\/div>\n\n\t\t\n\n\t\t<div class=\"section-content relative\">\n\t\t\t\n<div class=\"row row-collapse row-full-width align-middle\"  id=\"row-509945071\">\n\n\t<div id=\"col-460317196\" class=\"col medium-6 small-12 large-6\"  data-animate=\"fadeInLeft\">\n\t\t\t\t<div class=\"col-inner\"  >\n\t\t\t\n\t\t\t\n\n\t\t<div class=\"icon-box featured-box align-middle icon-box-left text-left\"  >\n\t\t\t\t\t<div class=\"icon-box-img\" style=\"width: 40px\">\n\t\t\t\t<div class=\"icon\">\n\t\t\t\t\t<div class=\"icon-inner\" style=\"color:rgb(148, 169, 0);\">\n\t\t\t\t\t\t<svg xmlns=\"http:\/\/www.w3.org\/2000\/svg\" width=\"92\" height=\"70.841\" viewBox=\"0 0 92 70.841\">\n  <g id=\"rejilla\" transform=\"translate(-278.5 -1132.5)\">\n    <path id=\"L\u00ednea_238\" data-name=\"L\u00ednea 238\" d=\"M92,1H0V-1H92Z\" transform=\"translate(278.5 1156.341)\" fill=\"#94a900\"\/>\n    <path id=\"L\u00ednea_243\" data-name=\"L\u00ednea 243\" d=\"M92,1H0V-1H92Z\" transform=\"translate(278.5 1133.5)\" fill=\"#94a900\"\/>\n    <path id=\"L\u00ednea_239\" data-name=\"L\u00ednea 239\" d=\"M92,1H0V-1H92Z\" transform=\"translate(278.5 1179.341)\" fill=\"#94a900\"\/>\n    <path id=\"L\u00ednea_240\" data-name=\"L\u00ednea 240\" d=\"M92,1H0V-1H92Z\" transform=\"translate(278.5 1202.341)\" fill=\"#94a900\"\/>\n  <\/g>\n<\/svg>\n\t\t\t\t\t<\/div>\n\t\t\t\t<\/div>\n\t\t\t<\/div>\n\t\t\t\t<div class=\"icon-box-text last-reset\">\n\t\t\t\t\t\t\t\t\t\n<p>Generando valor compartido<\/p>\n<h1>SOSTENIBILIDAD<\/h1>\n\t\t<\/div>\n\t<\/div>\n\t\n\t\n\t\t<\/div>\n\t\t\t\t\t<\/div>\n\n\t\n\n\t<div id=\"col-1178968422\" class=\"col medium-6 small-12 large-6\"  data-animate=\"fadeInRight\">\n\t\t\t\t<div class=\"col-inner\"  >\n\t\t\t\n\t\t\t\n\t\t<\/div>\n\t\t\t\t\t<\/div>\n\n\t\n<\/div>\n\t\t<\/div>\n\n\t\t\n<style>\n#section_477720828 {\n  padding-top: 150px;\n  padding-bottom: 150px;\n}\n#section_477720828 .section-bg-overlay {\n  background-color: rgba(0,0,0,.5);\n}\n#section_477720828 .section-bg.bg-loaded {\n  background-image: url(https:\/\/agroextiende.com\/chile\/wp-content\/uploads\/2024\/04\/fondo-sostenibilidad.webp);\n}\n#section_477720828 .section-bg {\n  background-position: 50% 50%;\n}\n<\/style>\n\t<\/section>\n\t\n\t<section class=\"section pb-50\" id=\"section_1896522431\">\n\t\t<div class=\"bg section-bg fill bg-fill  bg-loaded\" >\n\n\t\t\t\n\t\t\t\n\t\t\t\n\n\t\t<\/div>\n\n\t\t\n\n\t\t<div class=\"section-content relative\">\n\t\t\t\n<div class=\"row row-collapse align-center\"  id=\"row-1733798310\">\n\n\t<div id=\"col-2028078768\" class=\"col medium-10 small-12 large-10\"  >\n\t\t\t\t<div class=\"col-inner\"  >\n\t\t\t\n\t\t\t\n<div class=\"row row-collapse\"  id=\"row-1493219636\">\n\n\t<div id=\"col-607021161\" class=\"col small-12 large-12\"  data-animate=\"fadeInLeft\">\n\t\t\t\t<div class=\"col-inner\"  >\n\t\t\t\n\t\t\t\n\t<div id=\"text-2983748047\" class=\"text titulo-01\">\n\t\t\n<h1>NUESTRO IMPACTO POSITIVO<\/h1>\n\t\t\t<\/div>\n\t\n\n\t\t<div class=\"icon-box featured-box icon-box-top text-left\"  >\n\t\t\t\t\t<div class=\"icon-box-img\" style=\"width: 32px\">\n\t\t\t\t<div class=\"icon\">\n\t\t\t\t\t<div class=\"icon-inner\" style=\"color:rgb(148, 169, 0);\">\n\t\t\t\t\t\t<svg xmlns=\"http:\/\/www.w3.org\/2000\/svg\" width=\"40\" height=\"22\" viewBox=\"0 0 40 22\">\n  <g id=\"rejilla\" transform=\"translate(-278.5 -1168.5)\">\n    <path id=\"L\u00ednea_238\" data-name=\"L\u00ednea 238\" d=\"M40,1H0V-1H40Z\" transform=\"translate(278.5 1169.5)\" fill=\"#94a900\"\/>\n    <path id=\"L\u00ednea_239\" data-name=\"L\u00ednea 239\" d=\"M40,1H0V-1H40Z\" transform=\"translate(278.5 1179.5)\" fill=\"#94a900\"\/>\n    <path id=\"L\u00ednea_240\" data-name=\"L\u00ednea 240\" d=\"M40,1H0V-1H40Z\" transform=\"translate(278.5 1189.5)\" fill=\"#94a900\"\/>\n  <\/g>\n<\/svg>\n\t\t\t\t\t<\/div>\n\t\t\t\t<\/div>\n\t\t\t<\/div>\n\t\t\t\t<div class=\"icon-box-text last-reset\">\n\t\t\t\t\t\t\t\t\t\n\t<div id=\"text-2070685633\" class=\"text pr-50\">\n\t\t\n<p>Hace posible que m\u00e1s personas sean parte del creciente negocio agroexportador peruano, impactando en la mejora de la calidad de sus vidas y la de sus familias, respetando el medio ambiente. Adem\u00e1s, el mismo, genera miles de empleos directos e indirectos, impulsando el valor compartido y el desarrollo econ\u00f3mico de la regi\u00f3n Piura.<\/p>\n\t\t\t<\/div>\n\t\n\t\t<\/div>\n\t<\/div>\n\t\n\t\n<div class=\"is-divider divider clearfix\" style=\"margin-top:2em;margin-bottom:2em;background-color:rgba(0, 0, 0, 0);\"><\/div>\n<div class=\"row align-equal\"  id=\"row-1514959461\">\n\n\t<div id=\"col-900764904\" class=\"col bordes-01 medium-6 small-12 large-6\"  data-animate=\"fadeInLeft\">\n\t\t\t\t<div class=\"col-inner\" style=\"background-color:rgb(214, 229, 248);\" >\n\t\t\t\n\t\t\t\n\n\t\t<div class=\"icon-box featured-box icon-box-center text-center\"  >\n\t\t\t\t\t<div class=\"icon-box-img\" style=\"width: 77px\">\n\t\t\t\t<div class=\"icon\">\n\t\t\t\t\t<div class=\"icon-inner\" >\n\t\t\t\t\t\t<img decoding=\"async\" width=\"1\" height=\"1\" src=\"https:\/\/agroextiende.com\/chile\/wp-content\/uploads\/2024\/04\/ico-20.svg\" class=\"attachment-medium size-medium\" alt=\"\" \/>\t\t\t\t\t<\/div>\n\t\t\t\t<\/div>\n\t\t\t<\/div>\n\t\t\t\t<div class=\"icon-box-text last-reset\">\n\t\t\t\t\t\t\t\t\t\n<h3>Somos una empresa BIC <\/h3>\n<p>Agroextiende se rige bajo el modelo de Sociedad de Beneficio e Inter\u00e9s Colectivo (BIC), comprometiendo nuestro prop\u00f3sito empresarial con la sostenibilidad. Buscamos un equilibrio entre el crecimiento econ\u00f3mico, el respeto al medio ambiente y el bienestar social de nuestros colaboradores y las comunidades circundantes. Esta visi\u00f3n representa una estrategia a largo plazo.<\/p>\n\t\t<\/div>\n\t<\/div>\n\t\n\t\n\t\t<\/div>\n\t\t\t\t\n<style>\n#col-900764904 > .col-inner {\n  padding: 20px 20px 20px 20px;\n}\n<\/style>\n\t<\/div>\n\n\t\n\n\t<div id=\"col-17608626\" class=\"col bordes-01 medium-6 small-12 large-6\"  data-animate=\"fadeInRight\">\n\t\t\t\t<div class=\"col-inner\" style=\"background-color:rgb(214, 229, 248);\" >\n\t\t\t\n\t\t\t\n\n\t\t<div class=\"icon-box featured-box icon-box-center text-center\"  >\n\t\t\t\t\t<div class=\"icon-box-img\" style=\"width: 90px\">\n\t\t\t\t<div class=\"icon\">\n\t\t\t\t\t<div class=\"icon-inner\" >\n\t\t\t\t\t\t<img decoding=\"async\" width=\"1\" height=\"1\" src=\"https:\/\/agroextiende.com\/chile\/wp-content\/uploads\/2024\/04\/ico-21.svg\" class=\"attachment-medium size-medium\" alt=\"\" \/>\t\t\t\t\t<\/div>\n\t\t\t\t<\/div>\n\t\t\t<\/div>\n\t\t\t\t<div class=\"icon-box-text last-reset\">\n\t\t\t\t\t\t\t\t\t\n<h3>Agricultores exportadores<\/h3>\n<p>Establecemos alianzas estrat\u00e9gicas con asociaciones y cooperativas de productores para incorporarlos a la agroexportaci\u00f3n con nuestros modelos de inversi\u00f3n, generando impactos positivos y progreso sostenido a trav\u00e9s del tiempo.<\/p>\n\t\t<\/div>\n\t<\/div>\n\t\n\t\n\t\t<\/div>\n\t\t\t\t\n<style>\n#col-17608626 > .col-inner {\n  padding: 20px 20px 20px 20px;\n}\n<\/style>\n\t<\/div>\n\n\t\n<\/div>\n\t\t<\/div>\n\t\t\t\t\t<\/div>\n\n\t\n<\/div>\n\t\t<\/div>\n\t\t\t\t\n<style>\n#col-2028078768 > .col-inner {\n  padding: 0px 15px 0px 15px;\n}\n<\/style>\n\t<\/div>\n\n\t\n<\/div>\n\t\t<\/div>\n\n\t\t\n<style>\n#section_1896522431 {\n  padding-top: 60px;\n  padding-bottom: 60px;\n}\n@media (min-width:550px) {\n  #section_1896522431 {\n    padding-top: 140px;\n    padding-bottom: 140px;\n  }\n}\n<\/style>\n\t<\/section>\n\t\n\t<section class=\"section proyectos\" id=\"section_1005224859\">\n\t\t<div class=\"bg section-bg fill bg-fill  bg-loaded\" >\n\n\t\t\t\n\t\t\t\n\t\t\t\n\n\t\t<\/div>\n\n\t\t\n\n\t\t<div class=\"section-content relative\">\n\t\t\t\n<div class=\"row row-collapse align-center\"  id=\"row-127901006\">\n\n\t<div id=\"col-1979791818\" class=\"col medium-10 small-12 large-10\"  data-animate=\"fadeInDown\">\n\t\t\t\t<div class=\"col-inner\"  >\n\t\t\t\n\t\t\t\n\t<div id=\"text-3707276647\" class=\"text titulo-04 lineas\">\n\t\t\n<h1>OBJETIVOS DE DESARROLLO SOSTENIBLE (ODS)<\/h1>\n\t\t\t<\/div>\n\t\n\t\t<\/div>\n\t\t\t\t\n<style>\n#col-1979791818 > .col-inner {\n  padding: 0px 15px 0px 15px;\n}\n<\/style>\n\t<\/div>\n\n\t\n<\/div>\n<div class=\"row align-center\"  id=\"row-501823237\">\n\n\t<div id=\"col-554579500\" class=\"col pasos medium-10 small-12 large-10\"  data-animate=\"fadeInUp\">\n\t\t\t\t<div class=\"col-inner text-center\"  >\n\t\t\t\n\t\t\t\n<p>Agroextiende y su sentido de prop\u00f3sito empresarial se alinea a los ODS de la agenda 2030.<\/p>\n<div class=\"row align-center\"  id=\"row-1912870237\">\n\n\t<div id=\"col-460418417\" class=\"col small-12 large-12\"  >\n\t\t\t\t<div class=\"col-inner\"  >\n\t\t\t\n\t\t\t\n\t<div class=\"img has-hover bordes x md-x lg-x y md-y lg-y\" id=\"image_1953494996\">\n\t\t\t\t\t\t\t\t<div class=\"img-inner dark\" >\n\t\t\t<img fetchpriority=\"high\" decoding=\"async\" width=\"1000\" height=\"503\" src=\"https:\/\/agroextiende.com\/chile\/wp-content\/uploads\/2024\/05\/ODS-min.png\" class=\"attachment-original size-original\" alt=\"\" srcset=\"https:\/\/agroextiende.com\/chile\/wp-content\/uploads\/2024\/05\/ODS-min.png 1000w, https:\/\/agroextiende.com\/chile\/wp-content\/uploads\/2024\/05\/ODS-min-300x151.png 300w, https:\/\/agroextiende.com\/chile\/wp-content\/uploads\/2024\/05\/ODS-min-768x386.png 768w\" sizes=\"(max-width: 1000px) 100vw, 1000px\" \/>\t\t\t\t\t\t\n\t\t\t\t\t<\/div>\n\t\t\t\t\t\t\t\t\n<style>\n#image_1953494996 {\n  width: 100%;\n}\n<\/style>\n\t<\/div>\n\t\n\t\t<\/div>\n\t\t\t\t\t<\/div>\n\n\t\n<\/div>\n\t\t<\/div>\n\t\t\t\t\n<style>\n#col-554579500 > .col-inner {\n  padding: 40px 0px 0px 0px;\n}\n<\/style>\n\t<\/div>\n\n\t\n<\/div>\n\t\t<\/div>\n\n\t\t\n<style>\n#section_1005224859 {\n  padding-top: 60px;\n  padding-bottom: 60px;\n  background-color: rgb(214, 229, 248);\n}\n<\/style>\n\t<\/section>\n\t\n\t<section class=\"section hojas-02 dark\" id=\"section_604627753\">\n\t\t<div class=\"bg section-bg fill bg-fill  bg-loaded\" >\n\n\t\t\t\n\t\t\t\n\t\t\t\n\n\t\t<\/div>\n\n\t\t\n\n\t\t<div class=\"section-content relative\">\n\t\t\t\n<div class=\"row row-collapse align-middle align-center\"  id=\"row-632356091\">\n\n\t<div id=\"col-324833170\" class=\"col centrar medium-2 small-12 large-2\"  data-animate=\"fadeInLeft\">\n\t\t\t\t<div class=\"col-inner\"  >\n\t\t\t\n\t\t\t\n<div class=\"slider-wrapper relative\" id=\"slider-2099801074\" >\n    <div class=\"slider slider-type-fade slider-nav-circle slider-nav-large slider-nav-light slider-style-normal\"\n        data-flickity-options='{\n            \"cellAlign\": \"center\",\n            \"imagesLoaded\": true,\n            \"lazyLoad\": 1,\n            \"freeScroll\": false,\n            \"wrapAround\": true,\n            \"autoPlay\": 2000,\n            \"pauseAutoPlayOnHover\" : false,\n            \"prevNextButtons\": false,\n            \"contain\" : true,\n            \"adaptiveHeight\" : true,\n            \"dragThreshold\" : 10,\n            \"percentPosition\": true,\n            \"pageDots\": false,\n            \"rightToLeft\": false,\n            \"draggable\": true,\n            \"selectedAttraction\": 0.1,\n            \"parallax\" : 0,\n            \"friction\": 0.6        }'\n        >\n        \n\t<div class=\"img has-hover x md-x lg-x y md-y lg-y\" id=\"image_8637625\">\n\t\t\t\t\t\t\t\t<div class=\"img-inner dark\" >\n\t\t\t<img loading=\"lazy\" decoding=\"async\" width=\"477\" height=\"240\" src=\"https:\/\/agroextiende.com\/chile\/wp-content\/uploads\/2025\/01\/arandano02-1-1.png\" class=\"attachment-original size-original\" alt=\"\" srcset=\"https:\/\/agroextiende.com\/chile\/wp-content\/uploads\/2025\/01\/arandano02-1-1.png 477w, https:\/\/agroextiende.com\/chile\/wp-content\/uploads\/2025\/01\/arandano02-1-1-300x151.png 300w\" sizes=\"(max-width: 477px) 100vw, 477px\" \/>\t\t\t\t\t\t\n\t\t\t\t\t<\/div>\n\t\t\t\t\t\t\t\t\n<style>\n#image_8637625 {\n  width: 100%;\n}\n<\/style>\n\t<\/div>\n\t\n\t<div class=\"img has-hover x md-x lg-x y md-y lg-y\" id=\"image_40700980\">\n\t\t\t\t\t\t\t\t<div class=\"img-inner dark\" style=\"margin:0px 10px 0px 0px;\">\n\t\t\t<img loading=\"lazy\" decoding=\"async\" width=\"477\" height=\"240\" src=\"https:\/\/agroextiende.com\/chile\/wp-content\/uploads\/2025\/01\/3-arandanos.png\" class=\"attachment-original size-original\" alt=\"\" srcset=\"https:\/\/agroextiende.com\/chile\/wp-content\/uploads\/2025\/01\/3-arandanos.png 477w, https:\/\/agroextiende.com\/chile\/wp-content\/uploads\/2025\/01\/3-arandanos-300x151.png 300w\" sizes=\"(max-width: 477px) 100vw, 477px\" \/>\t\t\t\t\t\t\n\t\t\t\t\t<\/div>\n\t\t\t\t\t\t\t\t\n<style>\n#image_40700980 {\n  width: 100%;\n}\n<\/style>\n\t<\/div>\n\t\n     <\/div>\n\n     <div class=\"loading-spin dark large centered\"><\/div>\n\n\t<\/div>\n\n\n\t\t<\/div>\n\t\t\t\t\t<\/div>\n\n\t\n\n\t<div id=\"col-1426468959\" class=\"col medium-7 small-12 large-7\"  data-animate=\"fadeInUp\">\n\t\t\t\t<div class=\"col-inner\"  >\n\t\t\t\n\t\t\t\n\t<div id=\"text-2399174707\" class=\"text\">\n\t\t\n<h2>Comienza a invertir hoy en lotes agro productivos.<br \/>\n<\/h2>\n\t\t\n<style>\n#text-2399174707 {\n  text-align: center;\n}\n@media (min-width:850px) {\n  #text-2399174707 {\n    text-align: left;\n  }\n}\n<\/style>\n\t<\/div>\n\t\n\t\t<\/div>\n\t\t\t\t\t<\/div>\n\n\t\n\n\t<div id=\"col-323950872\" class=\"col centrar medium-2 small-12 large-2\"  data-animate=\"fadeInRight\">\n\t\t\t\t<div class=\"col-inner text-center\"  >\n\t\t\t\n\t\t\t\n<a href=\"https:\/\/agroextiende.com\/chile\/contacto\/\" class=\"button white is-outline lowercase\"  style=\"border-radius:5px;\">\n    <span>Cont\u00e1ctanos<\/span>\n  <\/a>\n\n\t\t<\/div>\n\t\t\t\t\t<\/div>\n\n\t\n<\/div>\n\t\t<\/div>\n\n\t\t\n<style>\n#section_604627753 {\n  padding-top: 30px;\n  padding-bottom: 30px;\n  background-color: rgb(196, 149, 77);\n}\n<\/style>\n\t<\/section>\n\t\n","protected":false},"excerpt":{"rendered":"","protected":false},"author":1,"featured_media":0,"parent":0,"menu_order":0,"comment_status":"closed","ping_status":"closed","template":"page-blank.php","meta":{"iawp_total_views":118,"_joinchat":[],"footnotes":""},"class_list":["post-26","page","type-page","status-publish","hentry"],"_links":{"self":[{"href":"https:\/\/agroextiende.com\/chile\/wp-json\/wp\/v2\/pages\/26","targetHints":{"allow":["GET"]}}],"collection":[{"href":"https:\/\/agroextiende.com\/chile\/wp-json\/wp\/v2\/pages"}],"about":[{"href":"https:\/\/agroextiende.com\/chile\/wp-json\/wp\/v2\/types\/page"}],"author":[{"embeddable":true,"href":"https:\/\/agroextiende.com\/chile\/wp-json\/wp\/v2\/users\/1"}],"replies":[{"embeddable":true,"href":"https:\/\/agroextiende.com\/chile\/wp-json\/wp\/v2\/comments?post=26"}],"version-history":[{"count":37,"href":"https:\/\/agroextiende.com\/chile\/wp-json\/wp\/v2\/pages\/26\/revisions"}],"predecessor-version":[{"id":1598,"href":"https:\/\/agroextiende.com\/chile\/wp-json\/wp\/v2\/pages\/26\/revisions\/1598"}],"wp:attachment":[{"href":"https:\/\/agroextiende.com\/chile\/wp-json\/wp\/v2\/media?parent=26"}],"curies":[{"name":"wp","href":"https:\/\/api.w.org\/{rel}","templated":true}]}}